{"id":242,"date":"2017-04-18T00:34:23","date_gmt":"2017-04-18T00:34:23","guid":{"rendered":"https:\/\/diehebammeimseewinkel.at\/?page_id=242"},"modified":"2020-08-06T15:29:18","modified_gmt":"2020-08-06T15:29:18","slug":"impressum","status":"publish","type":"page","link":"https:\/\/diehebammeimseewinkel.at\/?page_id=242","title":{"rendered":"Impressum"},"content":{"rendered":"<p>F\u00fcr den Inhalt verantwortlich:<\/p>\n<p>Sophie Hafner, BSc BSc<\/p>\n<p>Hauptstra\u00dfe 22<\/p>\n<p>A-7141 Podersdorf<\/p>\n<p>+43- (0)699\/ 18365088<\/p>\n<p><a href=\"mailto:sophie@diehebammeimseewinkel.at\">sophie@diehebammeimseewinkel.at<\/a><\/p>\n<p>Ein gro\u00dfer Dank f\u00fcr die Unterst\u00fctzung bei der Homepageerstellung an Stefan Heider, Mario Lehner &amp; Gilbert Hafner!<\/p>\n<p>Ebenso gro\u00dfer Dank an die Fotomodelle Verena und Katharina, sowie Angelika, Nele und Christian!<\/p>\n<p>wordpress.com<\/p>\n<p>Logo: Gilbert Hafner (Natur im Seewinkel)<\/p>\n<p>Fotos: Stefan Heider\/ Sophie Hafner<\/p>\n<p>Hebamme Sophie Hafner ist seit 2016 Mitglied des \u00d6sterreichischen Hebammengremiums (\u00d6HG).<\/p>\n<p>Offenlegung gem\u00e4\u00df \u00a7 5 E-Commerce-Gesetz und \u00a7 25 Mediengesetz<\/p>\n<p>Regelungen des Berufsstandes laut Hebammengesetz (BGBl. Nr. 310\/1994, zuletzt ge\u00e4ndert durch BGBl. Nr. 102\/2008)<\/p>\n<p><u>Online Inhalte der Homepage<\/u><\/p>\n<p>Die auf dieser Website dargebotenen Materialien stellen lediglich eine generelle Information da und ersetzen keineswegs eine medizinische Beratung. Diese Website wurde mit dem gr\u00f6\u00dftm\u00f6glichen Ma\u00df an Sorgfalt zusammengestellt und wird regelm\u00e4\u00dfig aktualisiert. Trotzdem kann f\u00fcr die Vollst\u00e4ndigkeit, Richtigkeit und Aktualit\u00e4t keine Gew\u00e4hrleistung \u00fcbernommen werden. Die Betreiberin \u00fcbernimmt keine Haftung f\u00fcr jegliche unmittelbaren oder mittelbaren Sch\u00e4den, Schadenersatzforderungen, Folgesch\u00e4den gleich welcher Art und aus welchem Rechtsgrund, die durch Ihren Zugriff oder die Verwendung der Website, insbesondere auch durch Infizierung Ihrer Computerumgebung mit Viren oder durch Verwendung der auf der Website angebotenen Informationen, resultieren k\u00f6nnten.<\/p>\n<p>Verkn\u00fcpfungen (&#8222;Hyperlinks&#8220;) zu externen Websites Dritter werden als zus\u00e4tzlicher Service zur Verf\u00fcgung gestellt. Diese Webseiten sind vollkommen unabh\u00e4ngig und liegen au\u00dferhalb der Kontrolle, gem\u00e4\u00df dem E- Commerce Gesetz \u00a7 17 ECG.<\/p>\n<p>Die Betreiberin gew\u00e4hrleistet zum Zeitpunkt der Linksetzung, dass keine illegalen Inhalte auf den verlinkten Seiten erkennbar waren. Es wird jedoch keine Verantwortung f\u00fcr die Inhalte von externen Websites Dritter, deren Richtigkeit, Vollst\u00e4ndigkeit oder Gesetzeskonformit\u00e4t \u00fcbernommen- welche nach Linksetzung ver\u00e4ndert werden.<\/p>\n<p><span style=\"text-decoration: line-through;\">\u00a0<\/span><\/p>\n<p><strong>Urheberrecht:<\/strong><\/p>\n<p>Die von der Betreiberin konzipierte Webseite unterliegt dem \u00d6sterreichischen Urheberrecht: Jede Art der Verwertung au\u00dferhalb des \u00d6sterreichischen Urheberrecht unterliegen ihrer schriftlichen Zustimmung. Downloads und Kopien von Texten, Bildern, Grafiken, Videos und sonstigen Materialien sind nur f\u00fcr den privaten Gebrauch und nicht f\u00fcr kommerzielle Zwecke erlaubt. Die Betreiberin beh\u00e4lt sich vor, die Inhalte ihrer Website jederzeit zu \u00e4ndern, zu erg\u00e4nzen, ganz oder teilweise zu l\u00f6schen. F\u00fcr allf\u00e4llige Konsequenzen daraus wird keine Verantwortung \u00fcbernommen.<\/p>\n<p><strong>GOOGLE ANALYTICS<\/strong><\/p>\n<p>Diese Website benutzt Google Analytics, einen Webanalysedienst der Google Inc. (\u201eGoogle\u201c) Google Analytics verwendet sog. \u201eCookies\u201c, Textdateien, die auf Ihrem Computer gespeichert werden und die eine Analyse der Benutzung der Website durch Sie erm\u00f6glicht.<\/p>\n<p>Die durch den Cookie erzeugten Informationen \u00fcber Ihre Benutzung dieser Website (einschlie\u00dflich Ihrer IP-Adresse) wird an einen Server von Google in den USA \u00fcbertragen und dort gespeichert. Google wird diese Informationen benutzen, um Ihre Nutzung der Website auszuwerten, um Reports \u00fcber die Websiteaktivit\u00e4ten f\u00fcr die Websitebetreiber zusammenzustellen und um weitere mit der Websitenutzung und der Internetnutzung verbundene Dienstleistungen zu erbringen.<\/p>\n<p>Auch wird Google diese Informationen gegebenenfalls an Dritte \u00fcbertragen, sofern dies gesetzlich vorgeschrieben oder soweit Dritte diese Daten im Auftrag von Google verarbeiten. Google wird in keinem Fall Ihre IP-Adresse mit anderen Daten der Google Dienste in Verbindung bringen. Sie k\u00f6nnen die Installation der Cookies durch eine entsprechende Einstellung Ihrer Browser Software verhindern; wir weisen Sie jedoch darauf hin, dass Sie in diesem Fall gegebenenfalls nicht s\u00e4mtliche Funktionen dieser Website voll umf\u00e4nglich nutzen k\u00f6nnen.<\/p>\n<p>Durch die Nutzung dieser Website erkl\u00e4ren Sie sich mit der Bearbeitung der \u00fcber Sie erhobenen Daten durch Google in der zuvor beschriebenen Art und Weise und zu dem zuvor benannten Zweck einverstanden.<\/p>\n<p>Datenschutzerkl\u00e4rung<\/p>\n<a href=\"https:\/\/diehebammeimseewinkel.at\/?page_id=394\" class=\"btn button btn-shortcode kad-btn kad-btn-primary\" id=\"kadbtn809\" target=\"_self\" style=\"color:#FFF;\">Datenschutzerkl\u00e4rung (DSGVO) im Detail<\/a>\n","protected":false},"excerpt":{"rendered":"<p>F\u00fcr den Inhalt verantwortlich: Sophie Hafner, BSc BSc Hauptstra\u00dfe 22 A-7141 Podersdorf +43- (0)699\/ 18365088 sophie@diehebammeimseewinkel.at Ein gro\u00dfer Dank f\u00fcr die Unterst\u00fctzung bei der Homepageerstellung an Stefan Heider, Mario Lehner &amp; Gilbert Hafner! Ebenso gro\u00dfer Dank an die Fotomodelle Verena &hellip; <a href=\"https:\/\/diehebammeimseewinkel.at\/?page_id=242\">Weiter<\/a><\/p>\n","protected":false},"author":1,"featured_media":0,"parent":0,"menu_order":0,"comment_status":"closed","ping_status":"closed","template":"","meta":{"om_disable_all_campaigns":false,"_monsterinsights_skip_tracking":false,"_monsterinsights_sitenote_active":false,"_monsterinsights_sitenote_note":"","_monsterinsights_sitenote_category":0,"_uf_show_specific_survey":0,"_uf_disable_surveys":false,"footnotes":""},"class_list":["post-242","page","type-page","status-publish","hentry"],"aioseo_notices":[],"_links":{"self":[{"href":"https:\/\/diehebammeimseewinkel.at\/index.php?rest_route=\/wp\/v2\/pages\/242","targetHints":{"allow":["GET"]}}],"collection":[{"href":"https:\/\/diehebammeimseewinkel.at\/index.php?rest_route=\/wp\/v2\/pages"}],"about":[{"href":"https:\/\/diehebammeimseewinkel.at\/index.php?rest_route=\/wp\/v2\/types\/page"}],"author":[{"embeddable":true,"href":"https:\/\/diehebammeimseewinkel.at\/index.php?rest_route=\/wp\/v2\/users\/1"}],"replies":[{"embeddable":true,"href":"https:\/\/diehebammeimseewinkel.at\/index.php?rest_route=%2Fwp%2Fv2%2Fcomments&post=242"}],"version-history":[{"count":5,"href":"https:\/\/diehebammeimseewinkel.at\/index.php?rest_route=\/wp\/v2\/pages\/242\/revisions"}],"predecessor-version":[{"id":591,"href":"https:\/\/diehebammeimseewinkel.at\/index.php?rest_route=\/wp\/v2\/pages\/242\/revisions\/591"}],"wp:attachment":[{"href":"https:\/\/diehebammeimseewinkel.at\/index.php?rest_route=%2Fwp%2Fv2%2Fmedia&parent=242"}],"curies":[{"name":"wp","href":"https:\/\/api.w.org\/{rel}","templated":true}]}}